{"id":6160,"date":"2025-03-19T11:31:24","date_gmt":"2025-03-19T10:31:24","guid":{"rendered":"https:\/\/bimscreation.com\/?post_type=product&#038;p=6160"},"modified":"2025-12-28T05:41:48","modified_gmt":"2025-12-28T04:41:48","slug":"bella","status":"publish","type":"product","link":"https:\/\/bimscreation.com\/index.php\/product\/bella\/","title":{"rendered":"BELLA"},"content":{"rendered":"<p>Le sac d\u00e9nomm\u00e9 \u00ab BELLA \u00bb est con\u00e7u \u00e0 la main avec du v\u00e9ritable cuir. Sa particularit\u00e9 r\u00e9side dans le mixage de 3mati\u00e8res diff\u00e9rentes \u00e0 savoir : le cuir, le daim et la soie. Il mesure 21*25cm et est assez spacieux pour contenir tous vos effets quotidiennement. Notons qu\u2019il poss\u00e8de une bandouli\u00e8re qui vous permettra de le porter diff\u00e9remment quand l\u2019envie vous prend. Les finitions sont faites avec grand soin, aucun d\u00e9tail n\u2019est l\u00e9s\u00e9. \u00c0 l\u2019int\u00e9rieur, il comporte  une poche ouverte et une autre \u00e0 zip.<br \/>\nLa collection \u00ab BELLA \u00bb fait partie de nos best-seller et se vend comme des petits pains.<figure id=\"attachment_6196\" aria-describedby=\"caption-attachment-6196\" style=\"width: 300px\" class=\"wp-caption alignnone\"><a href=\"https:\/\/bimscreation.com\/wp-content\/uploads\/2025\/03\/76577d1c-f6a2-4c7e-837e-70e2c1fe340b.jpeg\"><img fetchpriority=\"high\" decoding=\"async\" src=\"https:\/\/bimscreation.com\/wp-content\/uploads\/2025\/03\/76577d1c-f6a2-4c7e-837e-70e2c1fe340b-300x284.jpeg\" alt=\"\nLe sac d\u00e9nomm\u00e9 \u00ab BELLA \u00bb est con\u00e7u \u00e0 la main avec du v\u00e9ritable cuir. Sa particularit\u00e9 r\u00e9side dans le mixage de 3mati\u00e8res diff\u00e9rentes \u00e0 savoir : le cuir, le daim et la soie. Il mesure 21*25cm et est assez spacieux pour contenir tous vos effets quotidiennement. Notons qu\u2019il poss\u00e8de une bandouli\u00e8re qui vous permettra de le porter diff\u00e9remment quand l\u2019envie vous prend. Les finitions sont faites avec grand soin, aucun d\u00e9tail n\u2019est l\u00e9s\u00e9. \u00c0 l\u2019int\u00e9rieur, il comporte  une poche ouverte et une autre \u00e0 zip.\nLa collection \u00ab BELLA \u00bb fait partie de nos best-seller et se vend comme des petits pains.\" width=\"300\" height=\"284\" class=\"size-medium wp-image-6196\" srcset=\"https:\/\/bimscreation.com\/wp-content\/uploads\/2025\/03\/76577d1c-f6a2-4c7e-837e-70e2c1fe340b-300x284.jpeg 300w, https:\/\/bimscreation.com\/wp-content\/uploads\/2025\/03\/76577d1c-f6a2-4c7e-837e-70e2c1fe340b-1024x969.jpeg 1024w, https:\/\/bimscreation.com\/wp-content\/uploads\/2025\/03\/76577d1c-f6a2-4c7e-837e-70e2c1fe340b-768x726.jpeg 768w, https:\/\/bimscreation.com\/wp-content\/uploads\/2025\/03\/76577d1c-f6a2-4c7e-837e-70e2c1fe340b-1536x1453.jpeg 1536w, https:\/\/bimscreation.com\/wp-content\/uploads\/2025\/03\/76577d1c-f6a2-4c7e-837e-70e2c1fe340b-1320x1249.jpeg 1320w, https:\/\/bimscreation.com\/wp-content\/uploads\/2025\/03\/76577d1c-f6a2-4c7e-837e-70e2c1fe340b-600x568.jpeg 600w, https:\/\/bimscreation.com\/wp-content\/uploads\/2025\/03\/76577d1c-f6a2-4c7e-837e-70e2c1fe340b.jpeg 1756w\" sizes=\"(max-width: 300px) 100vw, 300px\" \/><\/a><figcaption id=\"caption-attachment-6196\" class=\"wp-caption-text\">Collection BELLA<\/figcaption><\/figure><\/p>\n","protected":false},"excerpt":{"rendered":"<p>Le sac d\u00e9nomm\u00e9 \u00ab BELLA \u00bb est con\u00e7u \u00e0 la main avec du v\u00e9ritable cuir. Sa particularit\u00e9 r\u00e9side dans le mixage de 3mati\u00e8res diff\u00e9rentes \u00e0 savoir : le cuir, le daim et la soie. Il mesure 21*25cm et est assez spacieux pour contenir tous vos effets quotidiennement. Notons qu\u2019il poss\u00e8de une bandouli\u00e8re qui vous permettra [&hellip;]<\/p>\n","protected":false},"featured_media":6196,"comment_status":"open","ping_status":"closed","template":"","meta":{"om_disable_all_campaigns":false,"_monsterinsights_skip_tracking":false,"_monsterinsights_sitenote_active":false,"_monsterinsights_sitenote_note":"","_monsterinsights_sitenote_category":0,"site-sidebar-layout":"default","site-content-layout":"","ast-site-content-layout":"default","site-content-style":"default","site-sidebar-style":"default","ast-global-header-display":"","ast-banner-title-visibility":"","ast-main-header-display":"","ast-hfb-above-header-display":"","ast-hfb-below-header-display":"","ast-hfb-mobile-header-display":"","site-post-title":"","ast-breadcrumbs-content":"","ast-featured-img":"","footer-sml-layout":"","theme-transparent-header-meta":"default","adv-header-id-meta":"","stick-header-meta":"","header-above-stick-meta":"","header-main-stick-meta":"","header-below-stick-meta":"","astra-migrate-meta-layouts":"set","ast-page-background-enabled":"default","ast-page-background-meta":{"desktop":{"background-color":"var(--ast-global-color-4)","background-image":"","background-repeat":"repeat","background-position":"center center","background-size":"auto","background-attachment":"scroll","background-type":"","background-media":"","overlay-type":"","overlay-color":"","overlay-gradient":""},"tablet":{"background-color":"","background-image":"","background-repeat":"repeat","background-position":"center center","background-size":"auto","background-attachment":"scroll","background-type":"","background-media":"","overlay-type":"","overlay-color":"","overlay-gradient":""},"mobile":{"background-color":"","background-image":"","background-repeat":"repeat","background-position":"center center","background-size":"auto","background-attachment":"scroll","background-type":"","background-media":"","overlay-type":"","overlay-color":"","overlay-gradient":""}},"ast-content-background-meta":{"desktop":{"background-color":"var(--ast-global-color-5)","background-image":"","background-repeat":"repeat","background-position":"center center","background-size":"auto","background-attachment":"scroll","background-type":"","background-media":"","overlay-type":"","overlay-color":"","overlay-gradient":""},"tablet":{"background-color":"var(--ast-global-color-5)","background-image":"","background-repeat":"repeat","background-position":"center center","background-size":"auto","background-attachment":"scroll","background-type":"","background-media":"","overlay-type":"","overlay-color":"","overlay-gradient":""},"mobile":{"background-color":"var(--ast-global-color-5)","background-image":"","background-repeat":"repeat","background-position":"center center","background-size":"auto","background-attachment":"scroll","background-type":"","background-media":"","overlay-type":"","overlay-color":"","overlay-gradient":""}}},"product_cat":[116],"product_tag":[118],"jetpack_sharing_enabled":true,"_links":{"self":[{"href":"https:\/\/bimscreation.com\/index.php\/wp-json\/wp\/v2\/product\/6160"}],"collection":[{"href":"https:\/\/bimscreation.com\/index.php\/wp-json\/wp\/v2\/product"}],"about":[{"href":"https:\/\/bimscreation.com\/index.php\/wp-json\/wp\/v2\/types\/product"}],"replies":[{"embeddable":true,"href":"https:\/\/bimscreation.com\/index.php\/wp-json\/wp\/v2\/comments?post=6160"}],"wp:featuredmedia":[{"embeddable":true,"href":"https:\/\/bimscreation.com\/index.php\/wp-json\/wp\/v2\/media\/6196"}],"wp:attachment":[{"href":"https:\/\/bimscreation.com\/index.php\/wp-json\/wp\/v2\/media?parent=6160"}],"wp:term":[{"taxonomy":"product_cat","embeddable":true,"href":"https:\/\/bimscreation.com\/index.php\/wp-json\/wp\/v2\/product_cat?post=6160"},{"taxonomy":"product_tag","embeddable":true,"href":"https:\/\/bimscreation.com\/index.php\/wp-json\/wp\/v2\/product_tag?post=6160"}],"curies":[{"name":"wp","href":"https:\/\/api.w.org\/{rel}","templated":true}]}}